1)?
-11
Let v(w) = w**3 + 43*w**2 + 517*w + 1607. Give v(-14).
53
Let p(a) = 54*a**3 + 12*a**2 - 52*a + 20. Calculate p(3).
1430
Let y(k) = 1712*k + 321877. Calculate y(-188).
21
Let b(n) = -3*n**2 + 432*n - 12077. Give b(38).
7
Let r(d) = -2*d**2 + 550*d - 8983. Calculate r(258).
-211
Let d(i) = 877*i**2 - 5238*i + 6. Calculate d(6).
150
Let p(x) = -11*x**2 - 7779*x - 1401. Give p(-707).
13
Let l(w) = -1576*w - 352862. What is l(-224)?
162
Let r(i) = i**3 + 62*i**2 - 1361*i - 1063. Determine r(-79).
359
Let v(h) = 2*h**3 + 486*h**2 + 553*h + 16694. What is v(-242)?
-4
Let d(s) = 12*s**3 + 1393*s**2 + 117*s + 223. Give d(-116).
107
Let t(u) = -84*u**2 + 1841*u + 123. Calculate t(22).
-31
Let w(u) = 169*u**2 + 150*u + 243. Give w(-2).
619
Let h(i) = 10*i**2 - 9065*i + 63505. Calculate h(7).
540
Let c(b) = 28739*b - 373556. What is c(13)?
51
Let f(o) = 3*o**2 - 77988*o + 311895. Determine f(4).
-9
Let d(i) = 4959*i + 22064. Calculate d(-4).
2228
Let x(v) = 2*v**3 - 75*v**2 + 428*v - 8869. What is x(35)?
-14
Let o(z) = 20*z**3 - 1820*z**2 + 46*z - 4221. Calculate o(91).
-35
Let z(g) = 9636*g + 11287. Calculate z(-1).
1651
Let a(m) = 393*m - 703. What is a(2)?
83
Let o(y) = -4*y**3 - 58*y**2 - 619*y - 8340. Determine o(-14).
-66
Let y(m) = -5375*m + 126. Give y(0).
126
Let r(w) = -w**3 + 282*w**2 - 834*w - 395. What is r(279)?
442
Let r(f) = 11*f**3 + 64*f**2 - 48*f - 252. Calculate r(-6).
-36
Let j(g) = -g**3 - 279*g**2 - 607*g - 103. Give j(-2).
3
Let y(g) = -239*g**3 - 848*g**2 - 805*g + 43. Calculate y(-1).
239
Let l(o) = 11257*o - 11234488. Calculate l(998).
-2
Let g(x) = -6*x**2 + 378*x + 3405. Give g(71).
-3
Let c(p) = -27890*p - 166082. Determine c(-6).
1258
Let v(z) = -148*z**2 - 2441*z - 4872. Give v(-2).
-582
Let x(a) = 1823*a - 85446. What is x(46)?
-1588
Let g(q) = 35*q + 4166. Give g(-121).
-69
Let g(w) = -8*w**2 + 476*w + 3457. Calculate g(-7).
-267
Let i(v) = v**2 - 53*v - 1326. What is i(87)?
1632
Let r(i) = -i**3 + 8*i**2 - 242296*i + 969117. Determine r(4).
-3
Let u(t) = 9038960*t + 27116882. Determine u(-3).
2
Let p(x) = -x**2 - 3224*x - 60904. Determine p(-19).
-9
Let w(k) = 482964*k - 3863742. Give w(8).
-30
Let a(o) = -o**3 + 85*o**2 - 1374*o - 3294. Determine a(62).
-70
Let o(w) = 510*w - 4345. Calculate o(11).
1265
Let m(c) = 9622*c - 692811. Give m(72).
-27
Let m(t) = -10*t**3 + 63*t**2 - 122*t + 665. Determine m(6).
41
Let h(a) = -a**3 + 10*a**2 + 25861*a - 310035. Give h(12).
9
Let r(s) = 12*s**2 - 326. Calculate r(5).
-26
Let o(l) = -447*l + 49287. What is o(111)?
-330
Let z(b) = 2858*b + 8537. Determine z(-3).
-37
Let q(b) = 200423*b - 8618155. What is q(43)?
34
Let b(i) = i**2 + 212*i + 7978. Calculate b(-44).
586
Let o(j) = -63*j**3 + 154*j**2 - 467*j. Give o(3).
-1716
Let g(z) = z**2 + 15386*z - 508843. Determine g(33).
-16
Let q(a) = -3*a**3 - 142*a**2 - 2658*a - 122707. Give q(-47).
10
Let o(n) = -29*n - 3140. What is o(-123)?
427
Let k(q) = -43*q - 1921. What is k(-92)?
2035
Let c(r) = 6105*r - 195364. Calculate c(32).
-4
Let v(t) = -2*t**3 + 38*t**2 + 645*t - 8252. What is v(10)?
-2
Let v(f) = 4*f**2 + 280*f - 249. What is v(-71)?
35
Let c(d) = -71955*d - 863597. Calculate c(-12).
-137
Let y(f) = 1483*f - 47303. What is y(32)?
153
Let n(x) = -309*x**2 - 1849*x + 30. Calculate n(-6).
0
Let k(p) = p**2 + 3562*p + 105983. Determine k(-30).
23
Let f(n) = -34*n**3 - 7547*n**2 + 222*n - 48. Give f(-222).
-48
Let t(x) = 44048*x - 660737. What is t(15)?
-17
Let d(o) = 39*o**2 - 2771*o - 2770. Determine d(-1).
40
Let y(i) = -5*i**3 + 24*i + 134. Determine y(-5).
639
Let g(x) = -2*x**2 - 174*x + 58. Determine g(-87).
58
Let b(j) = -24275*j - 3835449. Determine b(-158).
1
Let t(l) = -62067*l + 61786. Give t(1).
-281
Let v(q) = q**3 - 75*q**2 - 269*q + 2757. Determine v(78).
27
Let a(o) = -37*o**3 + 4*o**2 + 19*o + 18. What is a(-3)?
996
Let f(h) = -1102051*h + 3306182. What is f(3)?
29
Let n(y) = -456*y - 112965. What is n(-248)?
123
Let c(q) = 3016*q - 3875. What is c(1)?
-859
Let c(x) = 548*x**3 + 172077*x**2 + 1568*x - 625. Calculate c(-314).
3
Let c(b) = b**3 + 35*b**2 + 579*b + 7707. Calculate c(-24).
147
Let w(z) = -9*z**2 - 2095*z + 10461. Determine w(5).
-239
Let i(t) = -2*t**2 - 17*t + 2139. Calculate i(59).
-5826
Let x(c) = 563*c - 17793. Calculate x(32).
223
Let i(o) = -2595*o + 23042. Calculate i(9).
-313
Let y(r) = 2*r**2 + 4274*r + 38333. What is y(-9)?
29
Let t(a) = -3034*a + 182026. Give t(60).
-14
Let g(b) = 3*b**2 + 293*b - 16496. Determine g(40).
24
Let w(g) = 14889*g - 29780. Calculate w(2).
-2
Let j(o) = 19*o**3 - 52*o**2 + 196*o - 580. Calculate j(3).
53
Let h(t) = 2*t**3 + 37*t**2 + 105*t + 3001. Calculate h(-19).
645
Let x(i) = -i**3 - 32*i**2 - 77*i + 1184. Calculate x(-9).
14
Let q(t) = t**3 + 17*t**2 + 58*t + 158. What is q(-13)?
80
Let f(j) = -4*j**2 + 86983*j - 260939. Calculate f(3).
-26
Let j(b) = 3*b**3 - 7*b**2 - 81*b - 18. Calculate j(-4).
2
Let b(p) = -72098*p + 1658257. Determine b(23).
3
Let q(y) = y**2 + 6*y - 6471. Calculate q(77).
-80
Let h(y) = -7*y**2 - 1257*y - 3218. Give h(-177).
-32
Let a(j) = -10*j**2 - 2081*j + 16611. What is a(8)?
-677
Let y(a) = 3176*a + 132135. Calculate y(-42).
-1257
Let o(r) = -r**2 + 812*r - 39396. What is o(52)?
124
Let w(h) = -13094*h - 89493. What is w(-7)?
2165
Let n(m) = -2*m**3 - 46*m**2 - 54*m + 90. Determine n(-22).
310
Let o(n) = -27924*n + 167436. Determine o(6).
-108
Let i(c) = c**3 + 47*c**2 + 90*c + 11989. Give i(-50).
-11
Let p(s) = 17*s**2 - 61989*s - 559284. What is p(-9)?
-6
Let b(z) = -z**2 - 889166*z - 3556639. Determine b(-4).
9
Let r(t) = -4551*t - 218457. What is r(-48)?
-9
Let r(d) = 10*d**3 - d**2 - 38*d - 126. Give r(-5).
-1211
Let o(h) = -2*h**2 + 20003*h - 1133645. Determine o(57).
28
Let h(s) = -3*s**2 + 512*s + 9187. Determine h(187).
24
Let c(r) = -18*r**2 - 1297*r - 4964. Give c(-68).
0
Let g(i) = 474*i - 20164. What is g(46)?
1640
Let o(x) = -x**2 + 3642*x + 210637. Give o(-57).
-206
Let x(d) = -d**3 - 33*d**2 + 5922*d + 7916. Calculate x(63).
-22
Let s(y) = y**3 - 17*y**2 + 1586*y - 16681. Determine s(11).
39
Let w(v) = 225953*v - 17624331. What is w(78)?
3
Let t(s) = -2*s**3 + 77*s**2 - 446*s + 2862. Calculate t(33).
123
Let m(y) = -4531*y + 67952. Give m(15).
-13
Let j(g) = -37*g**3 - 12*g**2 + 34*g - 24. Give j(1).
-39
Let h(i) = -218*i - 447. Determine h(-7).
1079
Let x(r) = 24*r**2 + 1065*r - 41640. Determine x(25).
-15
Let k(x) = -x**2 + 2739*x - 230708. Determine k(87).
16
Let c(n) = -126*n + 4868. Calculate c(43).
-550
Let d(s) = -9461*s + 11116685. What is d(1175)?
10
Let i(p) = -119*p + 12873. Determine i(108).
21
Let b(s) = 32*s**2 + 4219*s + 20297. Calculate b(-5).
2
Let p(i) = -8*i**2 + 55*i + 2164. What is p(-13)?
97
Let q(s) = -2180*s + 300836. Determine q(138).
-4
Let t(j) = -75434*j - 1206951. What is t(-16)?
-7
Let b(t) = -4*t**2 + 185*t + 1701. What is b(-12)?
-1095
Let b(y) = -3*y**2 - 188*y - 2635. Determine b(-18).
-223
Let w(s) = -3*s**3 - 876*s**2 + 845*s - 9948. What is w(-293)?
14
Let w(n) = -n**2 - 105756*n - 2326327. Calculate w(-22).
-179
Let a(f) = -4*f**2 + 160*f - 1052. Calculate a(12).
292
Let l(d) = 58997*d + 1179847. What is l(-20)?
-93
Let a(h) = -h**2 + 61*h + 122619. Determine a(-321).
-3
Let g(i) = -2*i**3 - 28*i**2 - 32*i - 468. Determine g(-14).
-20
Let c(b) = 238093*b + 10237995. Give c(-43).
-4
Let z(v) = -106*v**2 + 28455*v + 15864. Determine z(269).
-7
Let i(t) = t**3 + 7*t**2 - 1293*t + 3793. Calculate i(3).
4
Let l(k) = -378626*k + 1135914. Determine l(3).
36
Let d(r) = 22*r**2 + 627*r - 317. What is d(-29)?
2
Let y(g) = -2*g**3 + 22*g**2 + 4078*g - 44884. Calculate y(11).
-26
Let h(i) = 1616*i - 31923. Give h(20).
397
Let j(p) = p**2 + 111434*p - 2117618. Determine j(19).
-11
Let x(k) = -190*k - 3761. Determine x(-21).
229
Let h(l) = -l**2 - 11961*l + 335687. Give h(28).
-5
Let p(t) = t**3 - 76*t**2 + 1766*t - 11504. Give p(34).
-12
Let b(p) = p**3 + 54*p**2 + 507*p + 5. Calculate b(-11).
-369
Let p(f) = -f**3 - 157*f**2 - 154*f + 623. Determine p(-156).
311
Let t(m) = -2*m**2 - 148*m - 2484. Determine t(-52).
-196
Let h(d) = -32*d**2 - 200*d - 350. Determine h(-2).
-78
Let t(k) = k**3 - 37*k**2 - 49*k + 1442. Determine t(37).
-371
Let i(v) = -19*v**2 + 267*v - 37. Wha